et t = -6 + 50. Let u = 66 - t. List the prime factors of u.
2, 11
Let z(m) = -m**3 + 2*m**2 + 2*m. Let n(d) = -d**3 + 5*d**2 + 2. Let y be n(5). Let b be z(y). Suppose 0 = q + b*q - 30. What are the prime factors of q?
2, 3
Suppose -4*u - 136 = -6*u. Let s be 5*u/10*1. Suppose -5*k + s = 2*z, z - 3*k = k - 9. List the prime factors of z.
7
Let f = 27 - -92. What are the prime factors of f?
7, 17
Let f(t) = t - 2. Let q(w) = w + 8. Let d be q(-8). Let i be f(d). What are the prime factors of ((0 - -2) + -48)/i?
23
Let p = 8 + -6. Suppose 0 = 5*u + p*y - 5*y - 100, 0 = 3*u + 2*y - 41. Let z = -2 + u. List the prime factors of z.
3, 5
Suppose 3*f = 3*m + 174, m = -4*f - 0*m + 227. List the prime factors of f.
3, 19
Let k be 9/3 + 150 - -4. Let p = k + -110. What are the prime factors of p?
47
Let y(p) = 4*p**2 - p + 2. Let d be y(-3). Let r = d - 28. List the prime factors of r.
13
Suppose 2*v - 2 + 5 = 3*q, -q + 1 = 3*v. Suppose -4*f - 3*k + 2*k + 132 = 0, -3*f + k + 106 = v. List the prime factors of f.
2, 17
Suppose 5*y + 38 = -4*m + m, -4*y = -4*m + 56. Let b be (12/(-10))/(3/y). Suppose -5*j - 3*q = -36, -j + 0*j = -b*q - 21. List the prime factors of j.
3
Suppose -3*x = 3 - 0. What are the prime factors of 0/5 - 11/x?
11
Let b(j) = j - 4. Suppose -5*o + 5 = 5*l, -2*o - 3*l = 7 - 4. What are the prime factors of b(o)?
2
Suppose 0 = z + g - 6, -4*z = -6*z + 3*g + 17. Let u(v) = v - 3 + v + 8. List the prime factors of u(z).
19
Let a(s) = 3*s - 20. What are the prime factors of a(16)?
2, 7
Suppose 25 = c - m + 6*m, -4*m = 3*c - 20. Let d be 4/3*12/(-8). List the prime factors of d - 0 - (-19 - c).
17
Let q(a) be the third derivative of a**5/60 - a**4/12 - a**3/2 + a**2. Let l be (-16)/9 - (-8)/(-36). What are the prime factors of q(l)?
5
List the prime factors of 2/9*-3 - (-53)/3.
17
Suppose -2*j + 14 = -2*k, -4*j = -k - 4*k - 30. List the prime factors of j.
5
List the prime factors of (1152/(-440) - 2/11)*-35.
2, 7
Suppose -2*b - 2*h = -66, 5*h + 123 + 82 = 5*b. What are the prime factors of b?
37
Suppose 7*b - 732 = -242. What are the prime factors of b?
2, 5, 7
Let o(v) = 2*v**3 - 12*v**2 + 6*v - 9. List the prime factors of o(6).
3
List the prime factors of (7 + -8)/(1/(-92)).
2, 23
Let b(r) = r + 12. List the prime factors of b(9).
3, 7
Let k = -26 - -39. What are the prime factors of k?
13
Suppose -3*v + 4 = 2*a - v, 0 = 5*v - 25. Suppose 2*j = j - 28. List the prime factors of j/a + 4/6.
2, 5
Suppose -77 = -c + 242. What are the prime factors of c?
11, 29
Let b(z) = z + 3. Suppose -5*c = -4*u - 26, -3*u - 2*u = c + 18. Let s be b(u). What are the prime factors of 8 + (s - (1 + -2))?
2
Let m(a) = -2*a**2 + 7 + 4*a - a**2 - a**3 + 8*a**2. Let u be m(6). Let o = u + 16. What are the prime factors of o?
11
Suppose a + t - 9 = 0, 0 = -5*a - 3*t + 2*t + 61. List the prime factors of a.
13
Let f = 88 + -61. What are the prime factors of f?
3
Suppose 0*y - 4*y + 24 = 0. Let u be ((-5)/(-3))/((-6)/(-18)). Suppose y*a - 9 = u*a. List the prime factors of a.
3
Suppose -f = -2*f + 3. Let b be 480/27 + (-4)/(-18). Suppose 0*t - b = -5*n + f*t, n + t - 10 = 0. List the prime factors of n.
2, 3
Let k(u) = -10*u - 4. Let a be k(-3). Suppose a = 5*c - 4*q, -5*q + q = c - 10. List the prime factors of c.
2, 3
Let t(x) = 25*x**3 + x**2 + 5*x - 7. What are the prime factors of t(2)?
3, 23
Let x = 82 - 49. What are the prime factors of x?
3, 11
Let s(k) = 9*k**2 - 6*k - 3. List the prime factors of s(5).
2, 3
Suppose 4 + 1 = 5*y. Let j = 3 - y. List the prime factors of j.
2
Let m = 3 - -13. List the prime factors of m.
2
Suppose 0 = 21*c - 19*c. Suppose -80 = -4*o - c*o. List the prime factors of o.
2, 5
Let d(o) = o**2 + 7*o + 8. Let u be d(-6). Suppose t + u - 22 = 0. What are the prime factors of ((-2)/5)/((-2)/t)?
2
Suppose -220 = -3*i - 2*z, 5*i - 2*i - 206 = 5*z. List the prime factors of i.
2, 3
Let a(j) = 11*j**2 + 7*j + 1. What are the prime factors of a(-4)?
149
What are the prime factors of (37/2)/((-1)/4*-2)?
37
Suppose 2*y = -z - 3*y + 21, 0 = 4*z + 3*y - 135. What are the prime factors of z?
2, 3
Let b(p) = 3 - 2 + p**2 - 3. Suppose g = -0*g - 3. What are the prime factors of b(g)?
7
Suppose -35 = 5*y - 10. List the prime factors of 60/(-18)*36/y.
2, 3
Let k = 31 - 6. List the prime factors of k.
5
What are the prime factors of (8/10)/(6/195)?
2, 13
Suppose 5*j + h = 148, -3*j = -2*j + 3*h - 38. List the prime factors of j.
29
Let l be (-5)/(15/(-117)) - -3. Suppose 0 = -u + 4*u - l. List the prime factors of u.
2, 7
What are the prime factors of 6/10 - 94/(-10)?
2, 5
Suppose -52 = a + 3*a. Let c = a - -19. List the prime factors of c.
2, 3
What are the prime factors of -3 + (1*-80)/(-2)?
37
Let h(u) = -u - 12. Let v be h(0). What are the prime factors of 10/(2*(-3)/v)?
2, 5
Let c(a) = 3 + 4*a - a**3 + 2 + 5*a**2 + 3*a. List the prime factors of c(6).
11
List the prime factors of (-2)/2 + (26 - 0).
5
Let q(f) = 11*f**2 - f. What are the prime factors of q(2)?
2, 3, 7
Suppose 2*m + v - 31 = 0, -22 + 59 = 2*m - v. Let q(t) = -t**2 + 4*t + 3. Let l be q(5). List the prime factors of 2 + (-3 - l) + m.
2, 3
Let b(i) = -i**2 - 5*i + 5. Let x be b(-5). Suppose -4*j = -20, o + 4*j - x*j = 21. What are the prime factors of o?
2, 13
Let i = 122 + 32. What are the prime factors of i?
2, 7, 11
Let y = -37 + 43. List the prime factors of y.
2, 3
Let z(g) = -2*g + 6. Let c(i) = -2*i + 7. Let a(p) = -4*c(p) + 5*z(p). Suppose -2*q = q + 6. List the prime factors of a(q).
2, 3
Suppose -7*q = -2*q. Suppose t - 22 + 6 = q. What are the prime factors of t?
2
Suppose 12*a = 147 + 273. List the prime factors of a.
5, 7
Let t(f) = -f**3 - 4*f**2 - f + 2. Let k be (1 + -2)/(2/22). Let o = 7 + k. What are the prime factors of t(o)?
2, 3
Let r(k) = -k**3 - k**2 - 3*k - 3. Let t = -5 - -2. List the prime factors of r(t).
2, 3
Let k = 11 + -8. List the prime factors of k.
3
Let z be ((-2790)/50)/((-6)/20). Suppose -3*i - 42 + z = 0. List the prime factors of i.
2, 3
What are the prime factors of (-17 + 5/(-5))*-5?
2, 3, 5
Let k be (-3 + 0)/3*0. Suppose k = -5*z + 25 + 50. List the prime factors of z.
3, 5
Let z(n) = 11*n**2 - 3*n + 1. List the prime factors of z(2).
3, 13
Suppose -4*g + 108 = -2*s - 364, -2*g - 4*s = -246. What are the prime factors of g?
7, 17
Suppose o + 2*o + 388 = 5*k, 0 = k - 2*o - 79. List the prime factors of k.
7, 11
Suppose -3*q = -6 - 15. What are the prime factors of q?
7
Let h(b) = -3 - 9*b + b**2 - b**2 + 2*b**2 - 3*b**2. List the prime factors of h(-8).
5
Let i = -35 + 18. Let o = 12 + i. Let w = o - -15. List the prime factors of w.
2, 5
Let w(c) be the first derivative of -6*c - 1/4*c**4 - 1 + 2*c**3 + 3/2*c**2. List the prime factors of w(6).
2, 3
Suppose 5*j = 2*y + 70, 3*y + 144 - 52 = j. Let m = -72 - y. List the prime factors of (-2)/(-7) - 366/m.
3
Let p = 6 - 3. Suppose p*j = -d + 14, 4*d - 16 = -4*j + 2*j. List the prime factors of -1 - -16 - 0/d.
3, 5
What are the prime factors of 1130/14 + 50/175?
3
Let f(g) = 3*g + g + g**3 + 6*g**2 + 4 + g. What are the prime factors of f(-5)?
2
Suppose 0 = -4*a - 5*d - 67, 4*a + 64 = d - 5*d. Let f = -9 - a. List the prime factors of f.
2
Let h(z) = z + 5. Let l(y) = -2*y**2 + 3*y + 4. Let k be l(3). Let o be h(k). Suppose o*m + m = 8. What are the prime factors of m?
2
List the prime factors of -2 - (-14 + -3 + 2).
13
Let j = 2 - -20. What are the prime factors of -1 - -2 - (3 - j)?
2, 5
Let x(b) = -b**3 + 10*b**2 - b + 2. Let h be x(10). Let g(z) = -3*z - 11. What are the prime factors of g(h)?
13
Let b(x) = -x**3 - 12*x**2 + 9*x - 5. List the prime factors of b(-13).
47
Let a(z) = -5 + 2 + 2 + z. Let b be a(5). Suppose 4*v = -b*r + 8, 5*r - 12 = 2*v + 12. List the prime factors of r.
2
Let g(p) = -p**3 + 4*p**2 - 2*p. Suppose 4*l - 2 + 0 = -3*x, -x + 5*l = -7. Suppose 2 = x*c - c. List the prime factors of g(c).
2
Let p(h) = -h**3 - 6*h**2 - 7*h - 5. Let g be p(-5). List the prime factors of 1/g + 448/35.
13
Let u = -10 - -34. List the prime factors of u.
2, 3
Suppose -3*u + 5*g - 329 = -1044, 2*u - 474 = 4*g. List the prime factors of u.
5, 7
Let h(t) = -44*t + 37. List the prime factors of h(-4).
3, 71
Let i = -9 + 12. Suppose -i*v - 32 = -v. Let h = -1 - v. What are the prime fa